- -106)?
-53
31 + (-7 + 18 - (30 - -7))
5
What is 6 + -21 + 58 + 6 + -57?
-8
What is 73 + (1 - (11 + -9 + (-16 - -12)))?
76
What is 41 + (12 - (11 - (20 + (4 - (2 - -9)))))?
55
Evaluate 32 + -64 + 11 - (-2 - 5) - 57.
-71
What is -14 - (-32 + 20 - -3) - (2 + 2)?
-9
Evaluate (1 - 2) + -13 + 1279 + -1283.
-18
(20 - 2) + (-23 - -19) + -7 + -2 + -19
-14
What is 6 + -13 + (1 - -5) + -10 + 14 + -3?
0
(10 - -12) + -15 + 1 + (104 - -7) + -8
111
Evaluate (3 + 9 - (0 + -1)) + -6164 + 6160 + -21.
-12
What is (2 - -1) + 1664 + -1699?
-32
Evaluate (-3 - (-16 + 2)) + (195 - 172).
34
Evaluate 32 + 34 + (24 - -7 - 24) + (-1 - -5).
77
Evaluate -47 + 57 - (1 - -10 - 3 - (45 - 26)).
21
-4 + (2 - (-18 - 4)) + (-213 - -216)
23
Evaluate -111 + 47 + 8 + -9 + (-6 - -13).
-58
Evaluate 29 - (66 + (-7 - 75)).
45
Evaluate (-16 - (-85 - 18 - -27)) + 21.
81
Evaluate -44 - ((-7 - -5 - -4) + 14 - (-1 - -8)).
-53
Evaluate -296 + 342 + -2 + -16.
28
Calculate -3 + (60 - (-19 + -7 + 1)).
82
-51 - ((-17 - -3) + 58 + -59)
-36
15 + (32 - (-14 + 19))
42
28 + -32 + (1 - 9) + 46
34
What is (5 - (7 + -9) - -5) + -5 - 86?
-79
What is 1 - 3 - (325 + -332 + (-1 - -4))?
2
What is the value of (-33 - (-38 + 5 + 15)) + 11 + -47?
-51
21 - ((11 - 12) + -5 + -1 + 19)
9
What is (-1 + (0 - 137) - (-28 + 23)) + -105 + 104?
-134
Calculate -4 + 4 - -6 - (-36 - -5 - -5).
32
Calculate 14 + (-1 + -35 + 10 - -6) + 25 + -1.
18
(-60 + (21 - 12) - 11) + 7 + 16
-39
Evaluate 49 + (68 - 26) + -25.
66
What is -47 + -34 + -1 + 43?
-39
Evaluate -97 + 3 - (1276 + -1305).
-65
What is the value of 48 - (-41 + 131 + -52)?
10
Evaluate -30 - 0 - -1 - (25 - 72 - -58).
-40
What is the value of -38 + (230 - (-22 + 67 - -1))?
146
What is the value of (7 - 107) + (-73 - -123)?
-50
Calculate 100 - (15 + -47 + (18 - -37)).
77
What is the value of 19 + 5 + -44 - (-48 + 50)?
-22
What is the value of (21 + -17 - (-7 - -17)) + 11 - -41?
46
(-3 + (10 - (3 - 0)) - 19) + (3 - 3)
-15
Evaluate 4 + (69 - 0 - 56).
17
Evaluate -18 + -18 + 32 + 21 + 17.
34
What is -21 + -57 + 92 + -51?
-37
What is the value of 66 + (-24 - (10 + -3 - -3))?
32
Calculate 31 + 0 - (-101 + 39 + 56).
37
Evaluate -1 + 33 + 2 - (11488 - 11463).
9
What is the value of -15 - -8 - (9 - (-3 + 8 + 1)) - 1?
-11
(27 - (23 - (58 - 32))) + -28
2
Evaluate 0 + -7 + 30 + 0 + -6 + 4.
21
Calculate 11 - (-3 + -1 + (-21 - (15 + -23 + -22))).
6
Evaluate -22 + -18 + (541 - 610).
-109
Evaluate -43 - ((11 - 1) + (-56 + 29 - -12) - 8).
-30
What is 20 + -1 + -1 + (-19 - -28)?
27
Calculate -11 + 1 + -27 + 43.
6
What is the value of 72 - (-71 + (179 - -30))?
-66
Calculate -40 + 70 - 49 - (3 + -39).
17
What is the value of -5 + -1 + 18 - (9 + 3 + -7)?
7
Evaluate -1 + -9 - -6 - (7 + (12 - -49)).
-72
(37 - -2 - (141 + -120) - 23) + -80
-85
What is the value of -6 - -5 - (16 - 7 - (-18 - -73))?
45
Evaluate 15 + (-9 - (-6 + 7)) + 1 + -12 + 18.
12
What is 98 - 2 - (89 + (70 - 113))?
50
(2 + -39 - (-21 + 15 + 23 + -17)) + -13
-50
Calculate -1 + -4 - (17 - (75 - 46) - (1 - 95)).
-87
What is the value of 72 + -148 + (-86 - -177)?
15
What is 33 - (42 + 20) - -4?
-25
What is -56 + (-57 - -156) - -1?
44
Calculate (-70 - -126) + -66 - -5.
-5
(0 + (1 - 0) - -2) + (-22626 - -22627)
4
Evaluate 8 - (79 + -99 + 27 + 1) - -12.
12
-7 - (3 - 18 - (-31 - -46))
23
Calculate 3 + 27 - (-9 + (19 - (7 + 0 - 6))).
21
What is -101 - (4 - 12 - -25 - 45)?
-73
-465 + 456 - ((0 - 42) + 0) - 8
25
-67 - (-29 + 51 + -20 - (-8 + -1) - 1)
-77
Evaluate 112 + -119 - (9 - -23).
-39
What is the value of 18 - ((53 - 43) + -10)?
18
-142 + 64 + 23 - -108
53
Evaluate 10 + 13 + 6 + -18 + 2 + -78.
-65
Calculate -54 + 7 + 15 + 17 + -21.
-36
What is the value of -22 + (0 - -12) + (-8 + 7 - -3 - 65)?
-73
Calculate 15 + (8 - (15 + -10 - -7)).
11
Calculate (26 - -27 - 52) + (-38 - -3) + 3.
-31
Calculate -47 - (5 - (27 + -9) - 1).
-33
Evaluate (12 - -2) + -9 + (-20 - -25 - -8).
18
Calculate 20 - -2 - ((-51 - -71) + 5).
-3
(-9 - -13) + -11 - ((-34 - 10) + 17)
20
Calculate 25 - (-8 + 15) - (111 - 89).
-4
Calculate 7825 - 7624 - (73 + -2).
130
What is -33 + (-12 - -19 - (111 - 118))?
-19
Evaluate (81 - 43) + 32 - 126.
-56
Calculate 210 + -218 - (-1 + 6).
-13
Calculate (4 - -27) + (-29 - (-17 - -9)).
10
Evaluate -60 - (11 - 24 - 2 - -5) - (-2 - -13).
-61
Evaluate -11 + -30 - (-8 + 5) - -4.
-34
Calculate -22 + 60 - (8 - (-2 + (8 - (4 + 6)))).
26
Evaluate -62 - 10 - (-8 + 0 - (-52 - -55)).
-61
(0 - (0 - 7)) + (-37 - (19 - 41))
-8
Calculate (-452 - -463) + 44 + 1.
56
Calculate -1 + (3 - -1) + -8 - 1 - (-1012 - -1108).
-102
Evaluate 33 + 60 + -109 - -14.
-2
-45 - (32 + -35 + -47)
5
-25 - ((-3 - -3) + -3 + -6 + 18)
-34
Calculate -133 - (-57 + -27) - 82.
-131
What is the value of (38 - 3) + -3 + (-13 - (-53 + 15 + 19))?
38
What is -2905 + 2935 - ((-14 - (-6 + 2)) + (-2 - -3))?
39
What is -16 - -37 - -47 - 25?
43
What is -20 - (-10 - (-10 + 23)) - (14 - -82)?
-93
Evaluate 34 - (-11 - (-31 + 13 - -9)).
36
What is -68 + -82 + (-41 - -271)?
80
Calculate (-10 - (-42 - -55)) + 23.
0
What is -16 - (2 + -1) - (114 + -118)?
-13
Calculate -9 - 5 - -1 - (-2 - 18).
7
What is the value of (-97 - (-114 - -66)) + (-2 - -113)?
62
What is the value of 53 + -65 + (-4 - (1 + -3)) + -24?
-38
What is 10 + (-8 - (7 - 8) - -6) + 14?
23
-57218 + 57254 + (1 - 1 - 31)
5
Evaluate 29 - ((24 - -28) + -21) - (1 - -23).
-26
Calculate -95 + 4 + (5 - 4) + (-479 - -496).
-73
Calculate 3 + -18 + -1 - (-478 - -505).
-43
What is the value of 174 + (-114 - (65 - 47))?
42
What is (-16 - -8) + -6 + 1 + -7 + -2?
-22
Calculate -60 + 67 + -2 + -44.
-39
Calculate 90 + -52 + 6 + 5.
49
(11 - 33) + (0 - -13 - -54)
45
Evaluate 2 - (4 - (22 + -15) - (3 - 1)).
7
Evaluate (17 - (2 + -19 - -3 - 70)) + 16.
117
What is 5 + (8 - 15 - 12) + (56 - 45)?
-3
Evaluate 2 - 104 - (6955 - 7038).
-19
What is -30 + (52 + -62 - ((-8 - 2) + 1)) - 5?
-36
Evaluate -115 + (-34 - -83 - 24) + -11.
-101
What is (-84 - (-3 - -3)) + 461 + -465 + -3?
-91
Calculate 27 + 12 - -19 - (-47 - -13).
92
-41 + 39 + 2 + 16
16
What is the value of -7 - (-76 + 23) - 31?
15
Evaluate -2 - 3 - (-42 + -1) - (-50 - -29 - -34).
25
What is (-7 - (-8 + -3)) + 29?
33
11 + -22 + 13 + (6 + 2 - 5)
5
Calculate 0 + (15 - (-8 - -4 - 4)) - 6.
17
Calculate (39 + 39 - 85) + 105.
98
Evaluate -3257 - -3221 - (-3 + (0 - 69)).
36
What is 74 - 105 - -26 - -112 - (-1 + 0)?
108
Evaluate -141 - ((0 - -15) + -213 + 168 + 14).
-125
48 - (-5 + (10 + -7 - 10) - 2 - -8)
54
Evaluate (-6 - (11 - 12)) + 28 + 18.
41
What is (9 + -53 - (-3 - 4)) + (3 - -10) + -2?
-26
What is the value of 57 - 8 - -6 - 27?
28
Calculate 14 - (28 + -13 + (-10 - -5)).
4
(43 - (-30 - -77)) + 4
0
Calculate (-15 - (4 + -2 - 92)) + 7 - 14.
68
Evaluate (-18 - (8 + (-25 - -10))) + 7 + (-42 - 0).
-46
Evaluate -12 - (20 + (-19 - -16 - 8)).
-21
What is the value of 101 + -48 + 19 + -75?
-3
Calculate 2 + 39 - (355 - 331).
17
Calculate (27 - 27) + (-19 - (-13 - -11)) - -11.
-6
-15 - (17 + (-33 - -18 - 21) + 70)
-66
What is 3 + -1 - (7 - (-14 - (21 - 7)))?
-33
-6400 + 6416 - (-6 - (-2 + 1))
21
What is the value of (72 - (52 - -26)) + 71 + (4 - (4 + -2))?
67
What is -27 - (-81 - (-96 - 14))?
-56
What is 36 + (-4 - -8) - (-4 - 24 - -34)?
34
What is 0 - (16 - (39 - 11)) - (-4 + -26)?
42
(-1 - 1) + 2 + (27 + 10 - 35)
2
Evaluate 8 + (-17 - -11) - (7 + 1) - 24.
-30
Calculate 36 - -5 - -1 - ((-5 - -2) + (-5 - -16)).
34
Evaluate -3 + (-3 - 9) + (0 - -84) + -71.
-2
What is (-47 - (-60 + 22) - (-2 - 0)) + 14?
7
What is 7258 - 7252 - (-122 + 2)?
126
What is -47 - (19 - (69 + -32 + -1))?
-30
Evaluate (7 - 1) + 13 + -4 + 0.
15
What is the value of 58 + -9 + -27 + -44?
-22
Evaluate (6 - -1) + (-16 - (-172 - -123)).
40
Evaluate -25 + (-5 - (-2 - -19)) + 12.
-35
-60 - ((-31 - -10) + 14 + 5)
-58
Evaluate 9 - (-4 + 4 - 32) - (-95 + 99).
37
Evaluate 29 - (-83 + 9 + 18 + 8).
77
What is the value of (74 - -9 - 173) + 125?
35
What is the value of (11 - (2 - -1)) + (-7771 - -7759)?
-4
Calculate 0 - -5 - ((-82 - -103) + (60 - (15 - 10))).
-71
38 - -2 - (-2 + -22 - (-174 + 157) - -15)
32
What is -16 + 37 + 9 - (4 + -10)?
36
What is the value of -3 + (20 + (-18 - -6) - -5) + 9?
19
294 - 344 - (3 - (-4 - 16))
-73
Evaluate (36 - -51) + -41 + -26.
20
Calculate -74 + (69 - -85) + -49.
31
-8 + (-33 - -10 - -14) + -15 + -5
-37
Cal